{"id":335,"date":"2024-02-27T16:43:08","date_gmt":"2024-02-27T16:43:08","guid":{"rendered":"https:\/\/demo.usconsultoria.com.br\/?page_id=335"},"modified":"2024-02-27T16:58:42","modified_gmt":"2024-02-27T16:58:42","slug":"consultoria","status":"publish","type":"page","link":"https:\/\/usconsultoria.com.br\/?page_id=335","title":{"rendered":"Consultoria"},"content":{"rendered":"\t\t<div data-elementor-type=\"wp-page\" data-elementor-id=\"335\" class=\"elementor elementor-335\" data-elementor-post-type=\"page\">\n\t\t\t\t<div class=\"elementor-element elementor-element-fbcc66c e-flex e-con-boxed e-con e-parent\" data-id=\"fbcc66c\" data-element_type=\"container\" data-settings=\"{&quot;background_background&quot;:&quot;classic&quot;,&quot;content_width&quot;:&quot;boxed&quot;}\" data-e-bg-lazyload=\"\" data-core-v316-plus=\"true\">\n\t\t\t\t\t<div class=\"e-con-inner\">\n\t\t\t\t\t<\/div>\n\t\t\t\t<\/div>\n\t\t<div class=\"elementor-element elementor-element-1d8a1b9 e-flex e-con-boxed e-con e-parent\" data-id=\"1d8a1b9\" data-element_type=\"container\" data-settings=\"{&quot;content_width&quot;:&quot;boxed&quot;}\" data-core-v316-plus=\"true\">\n\t\t\t\t\t<div class=\"e-con-inner\">\n\t\t\t\t<div class=\"elementor-element elementor-element-92ff928 elementor-invisible elementor-widget elementor-widget-heading\" data-id=\"92ff928\" data-element_type=\"widget\" data-settings=\"{&quot;_animation&quot;:&quot;fadeInUp&quot;}\" data-widget_type=\"heading.default\">\n\t\t\t\t<div class=\"elementor-widget-container\">\n\t\t\t<style>\/*! elementor - v3.19.0 - 07-02-2024 *\/\n.elementor-heading-title{padding:0;margin:0;line-height:1}.elementor-widget-heading .elementor-heading-title[class*=elementor-size-]>a{color:inherit;font-size:inherit;line-height:inherit}.elementor-widget-heading .elementor-heading-title.elementor-size-small{font-size:15px}.elementor-widget-heading .elementor-heading-title.elementor-size-medium{font-size:19px}.elementor-widget-heading .elementor-heading-title.elementor-size-large{font-size:29px}.elementor-widget-heading .elementor-heading-title.elementor-size-xl{font-size:39px}.elementor-widget-heading .elementor-heading-title.elementor-size-xxl{font-size:59px}<\/style><h2 class=\"elementor-heading-title elementor-size-default\">CONSULTORIA<\/h2>\t\t<\/div>\n\t\t\t\t<\/div>\n\t\t\t\t<div class=\"elementor-element elementor-element-17dd3c0 elementor-widget__width-initial elementor-invisible elementor-widget elementor-widget-text-editor\" data-id=\"17dd3c0\" data-element_type=\"widget\" data-settings=\"{&quot;_animation&quot;:&quot;fadeIn&quot;}\" data-widget_type=\"text-editor.default\">\n\t\t\t\t<div class=\"elementor-widget-container\">\n\t\t\t<style>\/*! elementor - v3.19.0 - 07-02-2024 *\/\n.elementor-widget-text-editor.elementor-drop-cap-view-stacked .elementor-drop-cap{background-color:#69727d;color:#fff}.elementor-widget-text-editor.elementor-drop-cap-view-framed .elementor-drop-cap{color:#69727d;border:3px solid;background-color:transparent}.elementor-widget-text-editor:not(.elementor-drop-cap-view-default) .elementor-drop-cap{margin-top:8px}.elementor-widget-text-editor:not(.elementor-drop-cap-view-default) .elementor-drop-cap-letter{width:1em;height:1em}.elementor-widget-text-editor .elementor-drop-cap{float:left;text-align:center;line-height:1;font-size:50px}.elementor-widget-text-editor .elementor-drop-cap-letter{display:inline-block}<\/style>\t\t\t\t<p>Atrav\u00e9s de um trabalho de parceria conduzida pelos consultores\/auditores da\u00a0US CONSULTORIA, junto a sua empresa, o processo de implanta\u00e7\u00e3o do Sistema de Gest\u00e3o, como ferramenta gerencial e suporte t\u00e9cnico, segue as seguintes etapas em nossa sistem\u00e1tica de trabalho:<\/p>\t\t\t\t\t\t<\/div>\n\t\t\t\t<\/div>\n\t\t<div class=\"elementor-element elementor-element-a5477e6 e-flex e-con-boxed e-con e-child\" data-id=\"a5477e6\" data-element_type=\"container\" data-settings=\"{&quot;content_width&quot;:&quot;boxed&quot;}\">\n\t\t\t\t\t<div class=\"e-con-inner\">\n\t\t<div class=\"elementor-element elementor-element-ca5632a e-con-full e-flex elementor-invisible e-con e-child\" data-id=\"ca5632a\" data-element_type=\"container\" data-settings=\"{&quot;content_width&quot;:&quot;full&quot;,&quot;background_background&quot;:&quot;classic&quot;,&quot;animation&quot;:&quot;fadeInUp&quot;}\">\n\t\t\t\t<div class=\"elementor-element elementor-element-885395c elementor-widget elementor-widget-image\" data-id=\"885395c\" data-element_type=\"widget\" data-widget_type=\"image.default\">\n\t\t\t\t<div class=\"elementor-widget-container\">\n\t\t\t<style>\/*! elementor - v3.19.0 - 07-02-2024 *\/\n.elementor-widget-image{text-align:center}.elementor-widget-image a{display:inline-block}.elementor-widget-image a img[src$=\".svg\"]{width:48px}.elementor-widget-image img{vertical-align:middle;display:inline-block}<\/style>\t\t\t\t\t\t\t\t\t\t<img fetchpriority=\"high\" decoding=\"async\" width=\"331\" height=\"252\" src=\"https:\/\/usconsultoria.com.br\/wp-content\/uploads\/2024\/02\/collage-showing-revenue-operations-1.webp\" class=\"attachment-large size-large wp-image-347\" alt=\"\" srcset=\"https:\/\/usconsultoria.com.br\/wp-content\/uploads\/2024\/02\/collage-showing-revenue-operations-1.webp 331w, https:\/\/usconsultoria.com.br\/wp-content\/uploads\/2024\/02\/collage-showing-revenue-operations-1-300x228.webp 300w\" sizes=\"(max-width: 331px) 100vw, 331px\" \/>\t\t\t\t\t\t\t\t\t\t\t\t\t<\/div>\n\t\t\t\t<\/div>\n\t\t\t\t<div class=\"elementor-element elementor-element-80df620 elementor-widget elementor-widget-text-editor\" data-id=\"80df620\" data-element_type=\"widget\" data-widget_type=\"text-editor.default\">\n\t\t\t\t<div class=\"elementor-widget-container\">\n\t\t\t\t\t\t\t<p>Diagn\u00f3stico, planejamento detalhado e diretrizes do projeto do sistema de gest\u00e3o.<\/p>\t\t\t\t\t\t<\/div>\n\t\t\t\t<\/div>\n\t\t\t\t<\/div>\n\t\t<div class=\"elementor-element elementor-element-ccfddc2 e-con-full e-flex elementor-invisible e-con e-child\" data-id=\"ccfddc2\" data-element_type=\"container\" data-settings=\"{&quot;content_width&quot;:&quot;full&quot;,&quot;background_background&quot;:&quot;classic&quot;,&quot;animation&quot;:&quot;fadeInUp&quot;,&quot;animation_delay&quot;:150}\">\n\t\t\t\t<div class=\"elementor-element elementor-element-2873591 elementor-widget elementor-widget-image\" data-id=\"2873591\" data-element_type=\"widget\" data-widget_type=\"image.default\">\n\t\t\t\t<div class=\"elementor-widget-container\">\n\t\t\t\t\t\t\t\t\t\t\t\t\t<img decoding=\"async\" width=\"331\" height=\"252\" src=\"https:\/\/usconsultoria.com.br\/wp-content\/uploads\/2024\/02\/consultor-de-negocios-analisando-dados-financeiros-que-denotam-o-andamento-dos-trabalhos-da-empresa-1.webp\" class=\"attachment-large size-large wp-image-348\" alt=\"\" srcset=\"https:\/\/usconsultoria.com.br\/wp-content\/uploads\/2024\/02\/consultor-de-negocios-analisando-dados-financeiros-que-denotam-o-andamento-dos-trabalhos-da-empresa-1.webp 331w, https:\/\/usconsultoria.com.br\/wp-content\/uploads\/2024\/02\/consultor-de-negocios-analisando-dados-financeiros-que-denotam-o-andamento-dos-trabalhos-da-empresa-1-300x228.webp 300w\" sizes=\"(max-width: 331px) 100vw, 331px\" \/>\t\t\t\t\t\t\t\t\t\t\t\t\t<\/div>\n\t\t\t\t<\/div>\n\t\t\t\t<div class=\"elementor-element elementor-element-5fa7330 elementor-widget elementor-widget-text-editor\" data-id=\"5fa7330\" data-element_type=\"widget\" data-widget_type=\"text-editor.default\">\n\t\t\t\t<div class=\"elementor-widget-container\">\n\t\t\t\t\t\t\t<p>Mapeamento e elabora\u00e7\u00e3o da documenta\u00e7\u00e3o<\/p>\t\t\t\t\t\t<\/div>\n\t\t\t\t<\/div>\n\t\t\t\t<\/div>\n\t\t<div class=\"elementor-element elementor-element-c1c61e1 e-con-full e-flex elementor-invisible e-con e-child\" data-id=\"c1c61e1\" data-element_type=\"container\" data-settings=\"{&quot;content_width&quot;:&quot;full&quot;,&quot;background_background&quot;:&quot;classic&quot;,&quot;animation&quot;:&quot;fadeInUp&quot;,&quot;animation_delay&quot;:250}\">\n\t\t\t\t<div class=\"elementor-element elementor-element-ef5d4a5 elementor-widget elementor-widget-image\" data-id=\"ef5d4a5\" data-element_type=\"widget\" data-widget_type=\"image.default\">\n\t\t\t\t<div class=\"elementor-widget-container\">\n\t\t\t\t\t\t\t\t\t\t\t\t\t<img decoding=\"async\" width=\"331\" height=\"252\" src=\"https:\/\/usconsultoria.com.br\/wp-content\/uploads\/2024\/02\/mulher-de-porte-medio-que-trabalha-como-advogada-1-1.webp\" class=\"attachment-large size-large wp-image-349\" alt=\"\" srcset=\"https:\/\/usconsultoria.com.br\/wp-content\/uploads\/2024\/02\/mulher-de-porte-medio-que-trabalha-como-advogada-1-1.webp 331w, https:\/\/usconsultoria.com.br\/wp-content\/uploads\/2024\/02\/mulher-de-porte-medio-que-trabalha-como-advogada-1-1-300x228.webp 300w\" sizes=\"(max-width: 331px) 100vw, 331px\" \/>\t\t\t\t\t\t\t\t\t\t\t\t\t<\/div>\n\t\t\t\t<\/div>\n\t\t\t\t<div class=\"elementor-element elementor-element-b79d625 elementor-widget elementor-widget-text-editor\" data-id=\"b79d625\" data-element_type=\"widget\" data-widget_type=\"text-editor.default\">\n\t\t\t\t<div class=\"elementor-widget-container\">\n\t\t\t\t\t\t\t<p>Implanta\u00e7\u00e3o e implementa\u00e7\u00e3o do Sistema de Gest\u00e3o<\/p>\t\t\t\t\t\t<\/div>\n\t\t\t\t<\/div>\n\t\t\t\t<\/div>\n\t\t<div class=\"elementor-element elementor-element-34de338 e-con-full e-flex elementor-invisible e-con e-child\" data-id=\"34de338\" data-element_type=\"container\" data-settings=\"{&quot;content_width&quot;:&quot;full&quot;,&quot;background_background&quot;:&quot;classic&quot;,&quot;animation&quot;:&quot;fadeInUp&quot;,&quot;animation_delay&quot;:350}\">\n\t\t\t\t<div class=\"elementor-element elementor-element-304704c elementor-widget elementor-widget-image\" data-id=\"304704c\" data-element_type=\"widget\" data-widget_type=\"image.default\">\n\t\t\t\t<div class=\"elementor-widget-container\">\n\t\t\t\t\t\t\t\t\t\t\t\t\t<img loading=\"lazy\" decoding=\"async\" width=\"331\" height=\"252\" src=\"https:\/\/usconsultoria.com.br\/wp-content\/uploads\/2024\/02\/mulher-de-negocios-linda-jovem-consultoria-com-seu-colega-parceiros-discutindo-documentos-e-ideias-1.webp\" class=\"attachment-large size-large wp-image-350\" alt=\"\" srcset=\"https:\/\/usconsultoria.com.br\/wp-content\/uploads\/2024\/02\/mulher-de-negocios-linda-jovem-consultoria-com-seu-colega-parceiros-discutindo-documentos-e-ideias-1.webp 331w, https:\/\/usconsultoria.com.br\/wp-content\/uploads\/2024\/02\/mulher-de-negocios-linda-jovem-consultoria-com-seu-colega-parceiros-discutindo-documentos-e-ideias-1-300x228.webp 300w\" sizes=\"(max-width: 331px) 100vw, 331px\" \/>\t\t\t\t\t\t\t\t\t\t\t\t\t<\/div>\n\t\t\t\t<\/div>\n\t\t\t\t<div class=\"elementor-element elementor-element-ca5a747 elementor-widget elementor-widget-text-editor\" data-id=\"ca5a747\" data-element_type=\"widget\" data-widget_type=\"text-editor.default\">\n\t\t\t\t<div class=\"elementor-widget-container\">\n\t\t\t\t\t\t\t<p>Acompanhamento das auditorias e direcionamento para manuten\u00e7\u00e3o<\/p>\t\t\t\t\t\t<\/div>\n\t\t\t\t<\/div>\n\t\t\t\t<\/div>\n\t\t\t\t\t<\/div>\n\t\t\t\t<\/div>\n\t\t\t\t\t<\/div>\n\t\t\t\t<\/div>\n\t\t\t\t<\/div>\n\t\t","protected":false},"excerpt":{"rendered":"<p>CONSULTORIA Atrav\u00e9s de um trabalho de parceria conduzida pelos consultores\/auditores da\u00a0US CONSULTORIA, junto a sua empresa, o processo de implanta\u00e7\u00e3o do Sistema de Gest\u00e3o, como ferramenta gerencial e suporte t\u00e9cnico, segue as seguintes etapas em nossa sistem\u00e1tica de trabalho: Diagn\u00f3stico, planejamento detalhado e diretrizes do projeto do sistema de gest\u00e3o. Mapeamento e elabora\u00e7\u00e3o da documenta\u00e7\u00e3o [&hellip;]<\/p>\n","protected":false},"author":1,"featured_media":0,"parent":0,"menu_order":0,"comment_status":"closed","ping_status":"closed","template":"elementor_header_footer","meta":{"_joinchat":[],"footnotes":""},"class_list":["post-335","page","type-page","status-publish","hentry"],"_links":{"self":[{"href":"https:\/\/usconsultoria.com.br\/index.php?rest_route=\/wp\/v2\/pages\/335","targetHints":{"allow":["GET"]}}],"collection":[{"href":"https:\/\/usconsultoria.com.br\/index.php?rest_route=\/wp\/v2\/pages"}],"about":[{"href":"https:\/\/usconsultoria.com.br\/index.php?rest_route=\/wp\/v2\/types\/page"}],"author":[{"embeddable":true,"href":"https:\/\/usconsultoria.com.br\/index.php?rest_route=\/wp\/v2\/users\/1"}],"replies":[{"embeddable":true,"href":"https:\/\/usconsultoria.com.br\/index.php?rest_route=%2Fwp%2Fv2%2Fcomments&post=335"}],"version-history":[{"count":19,"href":"https:\/\/usconsultoria.com.br\/index.php?rest_route=\/wp\/v2\/pages\/335\/revisions"}],"predecessor-version":[{"id":359,"href":"https:\/\/usconsultoria.com.br\/index.php?rest_route=\/wp\/v2\/pages\/335\/revisions\/359"}],"wp:attachment":[{"href":"https:\/\/usconsultoria.com.br\/index.php?rest_route=%2Fwp%2Fv2%2Fmedia&parent=335"}],"curies":[{"name":"wp","href":"https:\/\/api.w.org\/{rel}","templated":true}]}}